7, 631
What are the prime factors of 328028?
2, 82007
What are the prime factors of 67055?
5, 13411
List the prime factors of 15932805.
3, 5, 7, 41, 3701
List the prime factors of 11519797.
11519797
List the prime factors of 74608.
2, 4663
What are the prime factors of 24061?
24061
What are the prime factors of 695416?
2, 86927
List the prime factors of 2261795.
5, 317, 1427
List the prime factors of 434693.
7, 62099
What are the prime factors of 371913?
3, 151, 821
What are the prime factors of 22069639?
293, 75323
List the prime factors of 180971.
7, 103, 251
What are the prime factors of 6907074?
2, 3, 1151179
List the prime factors of 1897398.
2, 3, 41, 857
List the prime factors of 12577668.
2, 3, 1048139
List the prime factors of 158734.
2, 79367
What are the prime factors of 6467468?
2, 7, 31, 7451
List the prime factors of 147686.
2, 7, 11, 137
What are the prime factors of 2838993?
3, 946331
List the prime factors of 3848493.
3, 11, 139, 839
What are the prime factors of 5290581?
3, 859, 2053
What are the prime factors of 4707938?
2, 379, 6211
What are the prime factors of 1987750?
2, 5, 7951
List the prime factors of 1802902.
2, 901451
What are the prime factors of 10353372?
2, 3, 571, 1511
What are the prime factors of 1267376?
2, 11, 19, 379
List the prime factors of 586331.
457, 1283
List the prime factors of 29038782.
2, 3, 4839797
What are the prime factors of 76712?
2, 43, 223
What are the prime factors of 182231?
7, 3719
What are the prime factors of 28945628?
2, 17, 113, 3767
What are the prime factors of 1080500?
2, 5, 2161
List the prime factors of 132591.
3, 193, 229
List the prime factors of 1464890.
2, 5, 7, 17, 1231
List the prime factors of 1992487.
7, 37, 157
What are the prime factors of 5266361?
5266361
What are the prime factors of 1426463?
19, 193, 389
What are the prime factors of 15991580?
2, 5, 11, 72689
What are the prime factors of 1991856?
2, 3, 17, 2441
What are the prime factors of 21394346?
2, 977, 10949
What are the prime factors of 554500?
2, 5, 1109
List the prime factors of 949128.
2, 3, 71, 557
List the prime factors of 8900836.
2, 7, 317887
What are the prime factors of 1921468?
2, 480367
List the prime factors of 619260.
2, 3, 5, 10321
List the prime factors of 8316601.
37, 53, 4241
List the prime factors of 15987247.
15987247
What are the prime factors of 625568?
2, 113, 173
What are the prime factors of 181473?
3, 241, 251
List the prime factors of 5071611.
3, 1690537
What are the prime factors of 505513?
505513
What are the prime factors of 2042478?
2, 3, 233, 487
List the prime factors of 389045.
5, 17, 23, 199
What are the prime factors of 168022?
2, 84011
List the prime factors of 2140.
2, 5, 107
List the prime factors of 3920249.
29, 135181
List the prime factors of 1578811.
13, 121447
What are the prime factors of 84189?
3, 7, 19, 211
What are the prime factors of 591325?
5, 7, 31, 109
What are the prime factors of 2272191?
3, 19, 39863
List the prime factors of 9265128.
2, 3, 386047
List the prime factors of 18008519.
18008519
List the prime factors of 6567966.
2, 3, 40543
List the prime factors of 367875.
3, 5, 109
What are the prime factors of 235523?
235523
What are the prime factors of 3449868?
2, 3, 19, 15131
What are the prime factors of 1512419?
19, 79601
List the prime factors of 859084.
2, 214771
What are the prime factors of 725318?
2, 11, 32969
What are the prime factors of 1806431?
11, 97, 1693
List the prime factors of 3700971.
3, 45691
What are the prime factors of 4133473?
4133473
List the prime factors of 408705.
3, 5, 11, 2477
List the prime factors of 149079.
3, 7, 31, 229
List the prime factors of 527707.
523, 1009
List the prime factors of 376197.
3, 125399
What are the prime factors of 870436?
2, 7, 4441
List the prime factors of 1194794.
2, 17, 35141
List the prime factors of 1975271.
883, 2237
What are the prime factors of 3525268?
2, 881317
List the prime factors of 2683975.
5, 7, 313
What are the prime factors of 318080?
2, 5, 7, 71
List the prime factors of 34493384.
2, 4311673
List the prime factors of 72486.
2, 3, 4027
List the prime factors of 264207.
3, 88069
List the prime factors of 5817899.
5817899
What are the prime factors of 191993?
37, 5189
What are the prime factors of 137579?
13, 19, 557
List the prime factors of 19316033.
11, 67, 26209
List the prime factors of 378860.
2, 5, 19, 997
What are the prime factors of 590712?
2, 3, 151, 163
List the prime factors of 259736.
2, 32467
List the prime factors of 20529025.
5, 11, 19, 3929
List the prime factors of 1015114.
2, 507557
What are the prime factors of 13782536?
2, 97, 17761
What are the prime factors of 7700536?
2, 157, 6131
What are the prime factors of 1006961?
17, 59233
List the prime factors of 330164.
2, 59, 1399
What are the prime factors of 6187271?
59, 104869
List the prime factors of 294347.
294347
What are the prime factors of 17114435?
5, 13, 251, 1049
What are the prime factors of 1979636?
2, 659, 751
List the prime factors of 4192798.
2, 2096399
What are the prime factors of 247835?
5, 7, 73, 97
List the prime factors of 59259.
3, 19753
List the prime factors of 922635.
3, 5, 7, 29, 101
What are the prime factors of 1405003?
347, 4049
What are the prime factors of 759267?
3, 61, 461
What are the prime factors of 18785496?
2, 3, 43, 109, 167
What are the prime factors of 8351814?
2, 3, 1391969
What are the prime factors of 22229786?
2, 11114893
What are the prime factors of 242128?
2, 37, 409
What are the prime factors of 49186?
2, 24593
List the prime factors of 796290.
2, 3, 5, 11, 19, 127
What are the prime factors of 831191?
831191
What are the prime factors of 28917?
3, 7, 17
List the prime factors of 11503614.
2, 3, 179, 10711
List the prime factors of 76124.
2, 19031
List the prime factors of 108446.
2, 13, 43, 97
List the prime factors of 12814737.
3, 13, 457, 719
List the prime factors of 16710212.
2, 4177553
What are the prime factors of 4321925?
5, 172877
List the prime factors of 1274976.
2, 3, 19, 233
What are the prime factors of 345073?
233, 1481
List the prime factors of 3089506.
2, 7, 73, 3023
What are the prime factors of 307463?
13, 67, 353
What are the prime factors of 3157761?
3, 73, 14419
List the prime factors of 4518187.
4518187
What are the prime factors of 763705?
5, 19, 8039
List the prime factors of 190516.
2, 47629
What are the prime factors of 1050698?
2, 11, 163, 293
List the prime factors of 1911461.
23, 41, 2027
What are the prime factors of 1178494?
2, 19, 31013
What are the prime factors of 3024004?
2, 29, 131, 199
List the prime factors of 24705036.
2, 3, 23, 29837
What are the prime factors of 290674?
2, 23, 71, 89
List the prime factors of 15004.
2, 11, 31
What are the prime factors of 2878222?
2, 1439111
List the prime factors of 4842890.
2, 5, 13, 37253
List the prime factors of 484780.
2, 5, 24239
What are the prime factors of 54460?
2, 5, 7, 389
List the prime factors of 2047730.
2, 5, 193, 1061
What are the prime factors of 14165?
5, 2833
List the prime factors of 92708.
2, 7, 11, 43
What are the prime factors of 486969?
3, 7, 23189
What are the prime factors of 12242192?
2, 765137
List the prime factors of 633545.
5, 11, 11519
List the prime factors of 63556.
2, 15889
List the prime factors of 1737866.
2, 13, 66841
List the prime factors of 7998711.
3, 7, 54413
What are the prime factors of 3709902?
2, 3, 7, 19, 4649
List the prime factors of 14816904.
2, 3, 179, 3449
List the prime factors of 82654.
2, 11, 13, 17
List the prime factors of 1574416.
2, 19, 5179
What are the prime factors of 24749506?
2, 127, 139, 701
What are the prime factors of 2112314?
2, 101, 10457
What are the prime factors of 7018469?
7018469
What are the prime factors of 4302758?
2, 919, 2341
What are the prime factors of 249943?
249943
List the prime factors of 3134359.
1697, 1847
List the prime factors of 1605145.
5, 251, 1279
List the prime factors of 3039793.
73, 41641
What are the prime factors of 281655?
3, 5, 11, 569
List the prime factors of 534398.
2, 267199
List the prime factors of 998203.
19, 107, 491
List the prime factors of 1116194.
2, 43, 12979
List the prime factors of 26781698.
2, 17, 787697
What are the prime factors of 3266986?
2, 263, 6211
List th